. List the prime factors of (-66)/(-297) - 1114/q.
2, 31
Let r = 35141 + -12493. What are the prime factors of r?
2, 19, 149
Let o(b) = -56*b - 132. Suppose -5*q - 56 = w, 0 = 3*q - 0*w + w + 34. What are the prime factors of o(q)?
2, 11
Suppose -198*i = -197*i - 5*d - 526, -2486 = -5*i + d. List the prime factors of i.
2, 31
Let q = 342 + -363. List the prime factors of q*(-7 + -2)*1.
3, 7
Let h(o) = -2*o**3 + 7*o**2 - 3*o. Let f be h(5). Let m = f - -101. Suppose 576 = -5*v + m*v. List the prime factors of v.
2, 3
List the prime factors of 34/119 + 0 + 618615/35.
5, 7, 101
Let u(v) = -v**2 + 7*v - 1. Let z be u(3). Suppose 6*x + 47 = z. List the prime factors of ((-8)/18)/((-4)/(-186))*x.
2, 31
Suppose 54*j - 470140 = -163042. List the prime factors of j.
11, 47
Suppose 36 = 9*b - 0*b. Suppose 0 = -2*x + 3*k + 746, 2*k + 1512 = b*x + k. List the prime factors of x.
379
Let l = 76034 + -24169. What are the prime factors of l?
5, 11, 23, 41
Let a(t) = 11817*t + 722. What are the prime factors of a(1)?
12539
Let k(z) = 2*z**2 - 14*z + 30. Let f be k(9). What are the prime factors of 4/(-22) + (788184/f)/12?
5, 199
Let l be (81/54)/(6/16). Suppose k - 4*o = l, 2*k - 28 = -6*o + 4*o. What are the prime factors of ((-42)/k)/7 - 309/(-2)?
2, 7, 11
Suppose 2*r = -a + 11565, r - 69*a = -73*a + 5779. List the prime factors of r.
5783
What are the prime factors of (356 + -2)*6*3956/184?
2, 3, 43, 59
Let l = -3379 + 7074. What are the prime factors of l?
5, 739
Let g be (1*5/(-5))/(1/1). What are the prime factors of (g - 1) + (-49 - -807)?
2, 3, 7
Let b(z) = -4*z - 211*z - 91*z. List the prime factors of b(-1).
2, 3, 17
Let s be -1*(4/(-2) + 12). Let p = -6 - s. Suppose p*o - 4*q - 320 = 0, 461 - 155 = 4*o + 3*q. What are the prime factors of o?
2, 3, 13
Let a be 4 + (-24)/(-18)*(-2061)/6. Let o = -346 - a. List the prime factors of o.
2, 3
Let a(n) = 5982*n + 975. List the prime factors of a(1).
3, 773
Let m be 2 + 1390/4*12/15. Suppose 0 = 38*w - 42*w + m. What are the prime factors of w?
2, 5, 7
Suppose -8*h = -28*h - 18*h + 869516. What are the prime factors of h?
2, 17, 673
Let i be -15*((0 - -2) + (-231)/63). Let v(y) = 2*y**2 - 10*y - 134. What are the prime factors of v(i)?
2, 433
Suppose -6*b + 10*o = -3*b - 81257, 3*o = -3*b + 81309. What are the prime factors of b?
3, 3011
Suppose -29*r + 195*r - 1603062 = 0. What are the prime factors of r?
3, 29, 37
What are the prime factors of -83*((-5)/(-35) - (-11)/((-77)/372))?
53, 83
Suppose 16*d + 180 = -2*d. List the prime factors of -3 - (164/d)/(19/665).
571
Suppose -6 = 2*w, -w = -11*z + 7*z + 5263. Suppose k - 60 = 2*r - 583, -k - z = -5*r. List the prime factors of r.
2, 3, 11
Suppose 2*r - 5*q + 8777 = 3*r, -3*q = -r + 8737. What are the prime factors of r?
2, 547
Suppose a - 5*f = 9720 + 3354, 0 = 3*a + 4*f - 39260. What are the prime factors of a?
2, 3271
Suppose h = 3*h + 6. Let w(t) = 27*t**2 - 22*t - 57. What are the prime factors of w(h)?
2, 3, 7
Suppose 0 = -9*s + 64 - 118. Let t(j) = -8*j + 17. Let n be t(7). What are the prime factors of (-3 - n/s)*-22?
11, 19
Let m(b) = b + 38. Let x(i) = 2*i + 37. Let s(d) = -2*m(d) + 3*x(d). Let y be s(-6). Suppose -10*l + y*l = 48. What are the prime factors of l?
2, 3
Let n = 28414 - 18948. List the prime factors of n.
2, 4733
Let u(z) = 4*z**2 + 33*z + 8. Let c be u(-12). Suppose -10*m - c = -728. List the prime factors of m.
2, 3
Let j(t) = 3*t**2 - 114*t + 1463. What are the prime factors of j(82)?
11, 1117
Let q(c) = 1550*c**2 + 4*c - 5. Let j be q(1). Suppose 2*x - 1038 = -4*h, -4*x = -x - 2*h - j. List the prime factors of x.
11, 47
List the prime factors of (4574/8)/(2/(-4) + (-168)/(-288)).
3, 2287
Let r = -160 + 1115. Let a = -430 + r. List the prime factors of a.
3, 5, 7
Suppose -3*q + 7563 = 3*w - 0*q, -3*q + 10080 = 4*w. Suppose 8*r + 565 = w. List the prime factors of r.
2, 61
What are the prime factors of 33 - 25 - (-4412 + 2)?
2, 47
What are the prime factors of 16/(-12)*(-773205)/190?
2, 2713
Let j = -42749 + 132521. List the prime factors of j.
2, 3, 7481
Let n(b) = -3*b**3 - 3*b**2 - 9*b + 33. Let x be n(4). Let h = -176 - x. What are the prime factors of h?
67
Let s(m) = -29*m**3 + 29*m**2 + 126*m - 8. Let c(g) = 53*g**3 - 58*g**2 - 252*g + 15. Let b(j) = -6*c(j) - 11*s(j). What are the prime factors of b(-23)?
2, 137
Suppose 4*y = m - 128 - 211, 5*y + 1710 = 5*m. Suppose 0*o - 1378 = -4*b + 5*o, 2*o + m = b. What are the prime factors of b?
347
What are the prime factors of 980/(-147)*(-10968)/20?
2, 457
Suppose 0 = -8*h + 12*h - 40. Let f(c) = -12 + 4 + 0 - 6 - h*c. List the prime factors of f(-15).
2, 17
Suppose -6*t + 5*r + 220 = -t, 3*t = 4*r + 131. Let f = t - 35. Suppose 72 = f*x - 2*x. List the prime factors of x.
3
What are the prime factors of (15/6 + (-12)/12)/3*23332?
2, 19, 307
Let j(d) = 2*d**2 - 21*d - 56. Let h be j(-3). Suppose 13*v + 3012 = h*v. List the prime factors of v.
251
Suppose 4*y - 3440 = 3096. Let m = y + -862. What are the prime factors of 1/(-3) - m/(-12)?
2
What are the prime factors of (13272/35)/((-51)/(-6630))?
2, 3, 13, 79
Suppose 27*o + 5*m = 30*o - 147145, 2*m = -o + 49063. What are the prime factors of o?
5, 9811
Let t = -4210 - -8590. What are the prime factors of t?
2, 3, 5, 73
Suppose 5*g = -25, 3*o + 0*o = 4*g + 110. Let x = -858 + 848. Let m = o + x. What are the prime factors of m?
2, 5
Let m(c) = -c**2 - 15*c + 38. Let f be m(0). Suppose 3*u - 615 = 3*h, 633 = 41*u - f*u + 3*h. What are the prime factors of u?
2, 13
Let f be (-3384)/24 - (-10 - -1). Suppose 5*a + 1685 = -0*a. Let l = f - a. List the prime factors of l.
5, 41
What are the prime factors of (-5 + 12425)/1 - (0 + 1)?
11, 1129
Let j(s) = s**3 + 13*s**2 + 7*s - 13. Suppose 11*a + 288 = 15*a. Suppose 5*p + r - 4*r = -a, -p - 3*r = 0. What are the prime factors of j(p)?
47
Suppose 20*z = 29*z + 18. Let t(m) = m**2 + 6. Let k be t(0). List the prime factors of (446/(-12))/((2/z)/k).
223
Let y(q) = -4*q - 463. Let m(j) = -1. Let z(t) = -2*m(t) - y(t). What are the prime factors of z(0)?
3, 5, 31
List the prime factors of (-386472)/20*(-2 + 12)/((-60)/15).
3, 16103
Suppose 5*f = -3*t - 613, 4*t - 300 = -5*f - 909. Suppose -3*a = 4*v - 844, 3*v = 4*a + 359 + 249. Let n = f + v. What are the prime factors of n?
83
Suppose n + 3*n + 1718 = 2*m, 3*m = -3*n + 2595. Suppose -3*k = -b - m, 3*k - 768 - 80 = -2*b. List the prime factors of k.
2, 11, 13
Let h be (3 - ((-72)/(-30) + 1))*30. List the prime factors of 4432/h*(-12 - -9).
2, 277
Let t = 4914 + 2789. List the prime factors of t.
7703
Suppose 1110 = -3*n + 2*n. Let g be 16/4 - (n - 2)/2. Suppose 2*o = 0, -2*z + 3*o = -7*z + g. What are the prime factors of z?
2, 7
Let q(p) = -1408*p - 1106. List the prime factors of q(-6).
2, 3671
Let x(d) = -d**3 - 43*d**2 + 86*d - 98. Let a be x(-45). Let u be 6/2*76/6. Let k = a - u. What are the prime factors of k?
2, 11
Suppose 14*w - 12*w = 714. Suppose -4*i - 3*c = -281, 6*i = i + 2*c + w. List the prime factors of i.
71
Let h(f) = -3*f - 35. Let z be h(-17). Suppose 5*c + z = 4*l - 11, 0 = 4*l - 12. List the prime factors of (2*(-268)/12)/(2/c).
67
Let g(u) = 3*u**3 + 5*u**2 - 3*u - 21. Let q(x) = x**3 - x - 1. Let a(m) = g(m) - 5*q(m). What are the prime factors of a(-6)?
2, 73
Suppose 0 = 2*b + 2*b - 232. Let n = b + -70. List the prime factors of (3 + 28/n)/(2/111).
37
Let i be 3425/45 - (-1)/(-9). Let n = i + 0. Suppose 3*l + n = b, -3*l - 79 = -2*b + 67. What are the prime factors of b?
2, 5, 7
Let z(i) = -10074*i - 2111. List the prime factors of z(-4).
5, 7, 1091
Let a = 37162 - 22288. List the prime factors of a.
2, 3, 37, 67
Suppose -36*o + 42*o = 0. Suppose o = -12*u - 12 + 7452. List the prime factors of u.
2, 5, 31
Suppose 78235 = 27*u - 108521 - 102063. What are the prime factors of u?
19, 563
Let g = -307 - -469. Suppose g = 12*i - 6*i. Suppose -23*m - 404 = -i*m. List the prime factors of m.
101
Suppose 18*c - 31 = 149. List the prime factors of 132 + c/2 + -1.
2, 17
Suppose -4*r - 4*p = -2816, 4*p = 9*r - 12*r + 2112. List the prime factors of r.
2, 11
Let k(g) = 11*g**2 + 186*g + 17. List the prime factors of k(10).
13, 229
Let z(i) = 438*i - 499. What are the prime factors of z(22)?
9137
Suppose -361*d + 2*l = -